ded by 43/6 - 5/30?
6
Let v = 47 + -4. Let h = v + -85. What is the remainder when ((-15)/6)/(3/h) is divided by 18?
17
Suppose -3*n - 3*d = -63, -6*n + 3*n + 58 = 2*d. Suppose 119 = 5*r - 266. Let i = r - 46. What is the remainder when i is divided by n?
15
Suppose -m - 10 = -2*m. Calculate the remainder when 37 is divided by m.
7
Suppose 10*l = -6*l + 912. Calculate the remainder when l is divided by -17*(2 - 3) - 2.
12
Calculate the remainder when (-665)/(-25) + 2/5 is divided by 16.
11
Let l = -224 + 385. Suppose 0 = 2*u - 2, l = 5*t + u - 670. What is the remainder when 41 is divided by t/12 + (-2)/(-12)?
13
What is the remainder when 8/(-4) + 4 + 36 is divided by 21?
17
Let b be 68/(-5) + 6/(-15). Let z = 0 - b. What is the remainder when 21 is divided by z + -2 - (-2)/(-2)?
10
Suppose 2*a + 34 = 4*a. Let v = -47 + 52. What is the remainder when a is divided by v?
2
Let o = 10 + -6. Suppose -o*n + 24 = -3*n. What is the remainder when 70 is divided by n?
22
Let r(l) = -2*l**2 + 2*l + 2. Let s be r(2). Suppose 2*v - 14 = -5*u - 35, 20 = 5*v - 2*u. Calculate the remainder when -2 + 11 + s*1 is divided by v.
1
Suppose -34*b = -33*b - 87. What is the remainder when b is divided by 18?
15
Let x(h) = 2*h + 1. Calculate the remainder when 60 is divided by x(10).
18
Let h = 120 + -42. What is the remainder when h is divided by 28?
22
Let w(p) = p + 1. Let j(r) = -4*r - 6. Let s(d) = j(d) + 6*w(d). Let v be s(-5). Let b = 4 - v. Calculate the remainder when b is divided by 5.
4
Let z = 15 - 7. Let x(i) = -i**2 + 6*i - 3. Calculate the remainder when x(5) is divided by 5/2 + (-4)/z.
0
What is the remainder when 59 is divided by (-6 + (-72)/(-16))/(6/(-40))?
9
Suppose -5*z + 10 + 100 = 0. Let w = -24 + 30. Let t = z - w. What is the remainder when 30 is divided by t?
14
Let s(b) = -b**3 - 5*b**2 + 6*b + 5. What is the remainder when (60/35)/6 + 178/14 is divided by s(-6)?
3
Suppose 6*t - 4 = 2*t. Suppose 5*q - 2*d + 5 = 0, -7*q = -3*q + d - 9. What is the remainder when t is divided by q?
0
Calculate the remainder when (-3)/6 + 635/10 is divided by 16.
15
Suppose -d - 8 + 25 = 0. Calculate the remainder when d is divided by -2 + (-7)/(-3) + (-620)/(-93).
3
Let o(x) = 3*x**2 - 6*x - 9. Let t be o(9). Suppose -5*a = 3*b - t, b + a - 62 = -0*b. Calculate the remainder when b is divided by 17.
14
Calculate the remainder when 63 is divided by (-177)/(-8) - 7/56.
19
Let k = 6 - 3. Let s(h) = h**2. Calculate the remainder when s(k) is divided by 5.
4
Let m(o) = -5*o - 3. Suppose -f + 1 = -10. Let x(n) = n**3 - 11*n**2 + n - 13. Let c be x(f). Calculate the remainder when 18 is divided by m(c).
4
Let m(p) = -p**2 + 1. Let u be m(6). Let r = u + 52. Calculate the remainder when r is divided by 9.
8
Let w(l) = -5*l**2 - l + 11. Let u(r) = -11*r**2 - r + 23. Let t = 10 - 16. Let n(y) = t*u(y) + 13*w(y). What is the remainder when n(7) is divided by 3?
2
Suppose 48 + 32 = -4*m. Let x = -7 - m. What is the remainder when 51 is divided by x?
12
Let a(m) = -m**2 - 7*m - 6. Suppose 2*k = 3*k + 5. Let h = 8 + k. Calculate the remainder when a(-5) is divided by h.
1
Let h = 21 + -24. Let q(w) = w**3 + 4*w**2 + 3*w + 4. Calculate the remainder when 9 is divided by q(h).
1
Suppose -n - 38 = -5*p - 3*n, -p = 2*n - 14. Suppose 2 - p = -4*a. What is the remainder when a is divided by 1?
0
Let p = 5 + -2. What is the remainder when (7/(-2) - 2)*-4 is divided by (-4)/p*(-5 - 4)?
10
What is the remainder when 36 is divided by 14/(-63) + (-238)/(-18)?
10
Let f(g) = g**3 - 17*g**2 - 15*g - 37. What is the remainder when 66 is divided by f(18)?
15
Let x(z) = 4*z**2 - z - 2. Calculate the remainder when x(-3) is divided by 13.
11
Suppose 3*n + 0*n - 2 = t, 2*t = 3*n + 2. Suppose h - 4*o + 4 = n*h, -3*h + 12 = -3*o. What is the remainder when h is divided by 2?
0
Let s(i) = -i**3 - 2*i**2 - i - 11. What is the remainder when s(-6) is divided by 14?
13
Let s = -119 + 206. Calculate the remainder when s is divided by 22.
21
Let x(m) = -4*m + 2*m - 3 + 5*m**3 + 4*m**2 - 4*m**3. What is the remainder when (-912)/(-27) + (-2)/(-9) is divided by x(-3)?
10
Let z(c) = -c**2 - 12*c + 5. Calculate the remainder when z(-10) is divided by 9.
7
Let j(a) = a**3 - a**2 + 3. What is the remainder when j(4) is divided by 13?
12
Suppose -g - 2*l + 54 = 0, -5*g + 234 = -l - l. What is the remainder when g is divided by 27?
21
Let r(x) = x**2 - 10*x - 18. Calculate the remainder when r(-6) is divided by 8.
6
Suppose -h - 4 = 4*o - 3*h, 4 = 4*o + 2*h. Suppose -2*b + 5 - 1 = o. What is the remainder when 2 is divided by b?
0
Let h = -3 + 5. Calculate the remainder when (-4)/24*-3 - (-810)/20 is divided by (-28 - 0)*(-1)/h.
13
Let d(i) = -i - 1. Let s be 2/3 - (-13)/3. Suppose -z - 13 = 2*h - 1, -s*z + 4*h = 18. What is the remainder when 9 is divided by d(z)?
4
Let f(l) = -l**2 + 4*l + 10. Let o be f(8). Let j(c) = 4*c - 1. Let b be j(2). Calculate the remainder when 20 is divided by (b + -5)/((-4)/o).
9
Suppose -6*j = -4*j + 20. Let u be (j/4 - -2)*0. Suppose -3*s = -f - f + 10, u = -f + 5*s - 2. Calculate the remainder when 14 is divided by f.
6
Let r = 179 + -123. Suppose -3*f + 95 = 2*f. What is the remainder when r is divided by f?
18
Let r(t) = -3*t - 2. What is the remainder when 17 is divided by r(-4)?
7
Let h(j) = j**2 - 7*j + 1. Let b be h(8). Let g = b + -3. Let d(u) = -u**3 - 5*u**2 + 4*u - 1. Calculate the remainder when d(-6) is divided by g.
5
Suppose 2*j = -5*y - 5, 0 = -4*j - 4*y - y - 5. Suppose 0*b - b + 16 = j. Suppose -2*l + 14 = -b. Calculate the remainder when l is divided by 8.
7
Let i = 64 + -14. What is the remainder when i is divided by 13?
11
Suppose -3*y = 3 - 12. Suppose -f = -p - y*p - 7, 5*p - 35 = -5*f. What is the remainder when f is divided by 3?
1
Let l = 112 + -71. Calculate the remainder when 76 is divided by l.
35
Let l(g) = g**3 + g**2 - g + 2. Let k be l(0). Suppose -k*h + 0*h = 0. Suppose h = 4*r + 2*c + c - 10, -2*c = -4. What is the remainder when 2 is divided by r?
0
Let x be -1*(-26 + -1) - 1. Let t = x + 7. Let g = 24 + -15. Calculate the remainder when t is divided by g.
6
Suppose -5 = -q + 80. Suppose 5*s - 100 - 12 = o, 10 = -5*o. Calculate the remainder when q is divided by s.
19
Let v(w) = -w**3 + 6*w**2 - 2*w - 5. What is the remainder when 38 is divided by v(5)?
8
Suppose -5*j + j + 2*h + 58 = 0, -j - h + 16 = 0. Let b be 1/((-1)/2*2). Let i = j + b. What is the remainder when i is divided by 5?
4
Suppose -5*q + 3*q + 94 = 4*p, -3*p - q = -68. Let i = p + -8. Calculate the remainder when 24 is divided by i.
11
Calculate the remainder when 36 is divided by 39*(-4 + 13/3).
10
Let x be 7 + (-2 - (1 + -2)). Let m = x + 0. Calculate the remainder when 22 is divided by m.
4
Suppose -5*f - 5*d - 40 + 180 = 0, -f + 27 = 2*d. What is the remainder when 53 is divided by f?
24
Suppose 4*f - 11 - 37 = 0. Suppose -m + 15 = 5*x, 2*x - 6 = 2*m - 0. Let g(l) = 2*l**3 - 3*l**2 + 3*l - 2. Calculate the remainder when g(x) is divided by f.
10
Suppose 123 = 7*a - 80. What is the remainder when 229 is divided by a?
26
Let n(a) = 2*a + 26. Calculate the remainder when 197 is divided by n(12).
47
Suppose 0 = -2*u - 0*c + 5*c - 43, -3*u - 3*c - 12 = 0. Calculate the remainder when 15 is divided by -16*(u/(-6) + -2).
7
Suppose -5*i = -4*z - 0*z - 65, 0 = -z + i - 15. Let d = z + 28. Calculate the remainder when 52 is divided by d.
16
Suppose -2*i = -5*i + 21. Suppose -5*b + 4*l + 22 = 0, 2*b - 2*l = i + 1. Calculate the remainder when 21 is divided by b.
3
Let n be (6/(-5))/(9/(-30)). Let p(w) = 3 - n + 8*w**2 + 3*w**2. Calculate the remainder when p(1) is divided by 3.
1
Let u(m) be the second derivative of -3*m**5/20 - m**4/12 + m**3/3 + m**2 + 4*m. Calculate the remainder when 2 - 2 - 5/(-1) is divided by u(-1).
1
Let s = 9 - -9. Suppose -4*h = 270 + 238. Let g = 179 + h. What is the remainder when g is divided by s?
16
Suppose 0 = -2*o + 6*o - 8. Suppose o*f = -5 + 43. What is the remainder when f is divided by 5?
4
Suppose -3*t = t. Suppose 3*d = 3*n - 15, t = -d - 3*n - 8 + 3. Let f(x) = -2*x + 4. What is the remainder when f(d) is divided by 5?
4
Suppose 2*y - 95 = -3*k - 24, -5*y - 110 = -4*k. Let z = -8 + 17. What is the remainder when k is divided by z?
7
C